te the greatest common factor of 625337370 and 35.
35
Calculate the greatest common factor of 9205636 and 1985.
397
What is the greatest common divisor of 9 and 1018607940?
9
Calculate the greatest common divisor of 202742 and 263058.
34
What is the highest common divisor of 1788015 and 613915?
995
What is the highest common factor of 9162 and 669258?
18
What is the greatest common divisor of 4488437 and 118073?
1663
Calculate the greatest common divisor of 839 and 25582.
1
What is the highest common factor of 5486 and 112151?
13
What is the highest common factor of 2884 and 65416330?
1442
Calculate the greatest common factor of 1646828 and 2620.
4
What is the highest common factor of 8986975 and 625?
25
Calculate the highest common factor of 229495 and 1390795.
2765
Calculate the greatest common factor of 177733893 and 9.
3
What is the highest common divisor of 613127 and 43216?
2701
Calculate the highest common divisor of 5104617 and 126.
21
What is the greatest common factor of 105684 and 234492?
12
What is the greatest common factor of 2480960 and 2560?
320
What is the greatest common divisor of 1226771 and 232713?
2873
Calculate the greatest common factor of 25750 and 1087375.
125
What is the greatest common divisor of 38 and 11753267?
19
Calculate the greatest common divisor of 1005 and 421878699.
201
What is the greatest common divisor of 7335 and 245?
5
Calculate the greatest common divisor of 2109 and 976809.
57
What is the greatest common divisor of 93 and 83065?
1
What is the greatest common divisor of 651370 and 8209720?
12290
What is the greatest common divisor of 81586327 and 124?
31
What is the greatest common divisor of 25179 and 33862703?
763
What is the highest common divisor of 402380 and 704940?
620
Calculate the highest common divisor of 40267 and 9302879.
601
Calculate the highest common divisor of 19371 and 1751871.
33
What is the greatest common divisor of 165 and 1291140?
15
What is the highest common factor of 78401583 and 1170?
117
Calculate the greatest common divisor of 119206 and 53162.
38
What is the greatest common factor of 210007 and 5453?
133
Calculate the greatest common divisor of 46 and 449455144.
46
What is the greatest common divisor of 25360 and 1748255?
1585
Calculate the greatest common factor of 278432 and 549472.
2464
Calculate the highest common divisor of 242196666 and 1074.
1074
Calculate the highest common factor of 14818 and 7909650.
62
Calculate the greatest common divisor of 6089800 and 24.
8
What is the greatest common factor of 300 and 44767650?
150
Calculate the greatest common divisor of 14117430 and 210.
30
Calculate the highest common divisor of 522446 and 58.
2
Calculate the highest common factor of 53142297 and 8265.
1653
Calculate the highest common divisor of 240 and 1711060.
20
Calculate the highest common factor of 2451 and 16079871.
57
What is the highest common factor of 7508527 and 3731?
13
What is the highest common divisor of 115150 and 104272?
98
What is the highest common divisor of 47087976 and 7104?
888
Calculate the highest common factor of 34075481 and 1111.
1111
Calculate the greatest common factor of 26241614 and 128870.
3682
What is the greatest common divisor of 74050 and 112300?
50
What is the greatest common divisor of 2432 and 27041408?
2432
Calculate the highest common factor of 1374 and 14099301.
687
Calculate the highest common divisor of 794 and 45482.
2
What is the greatest common factor of 70816159 and 3401?
179
Calculate the highest common factor of 1338984 and 192.
24
Calculate the highest common divisor of 9196 and 417031.
19
What is the greatest common divisor of 143 and 270036?
13
Calculate the highest common divisor of 1610 and 7454530.
230
Calculate the greatest common divisor of 94594 and 2194.
2
Calculate the highest common divisor of 31395 and 87243.
39
What is the highest common factor of 516 and 89266356?
12
What is the highest common factor of 18211221 and 1575?
63
Calculate the greatest common divisor of 5777 and 399485.
109
Calculate the highest common divisor of 584511 and 35259.
219
What is the greatest common divisor of 640695569 and 2986?
1493
What is the greatest common divisor of 551616 and 7293?
663
What is the greatest common divisor of 54 and 241308?
18
Calculate the highest common factor of 388424 and 128064.
184
What is the greatest common factor of 10 and 57961730?
10
What is the greatest common divisor of 251951971 and 29?
29
What is the greatest common factor of 16794344 and 1864?
8
Calculate the highest common factor of 1724 and 174189512.
1724
What is the highest common divisor of 188225 and 13675?
25
What is the greatest common divisor of 540 and 98330085?
135
Calculate the greatest common divisor of 2407939 and 5888.
23
Calculate the highest common divisor of 2274 and 390378.
6
Calculate the highest common divisor of 1406250804 and 42.
42
Calculate the greatest common divisor of 388008 and 12877704.
1224
What is the highest common divisor of 34455 and 13170?
15
What is the highest common factor of 34892 and 7903324?
572
What is the highest common factor of 43252 and 10981093?
983
What is the greatest common factor of 32130748 and 17?
17
What is the greatest common factor of 249528170 and 846?
94
What is the greatest common divisor of 128741162 and 22?
22
Calculate the highest common divisor of 1953 and 236307141.
1953
What is the greatest common factor of 31369988 and 988?
988
Calculate the greatest common divisor of 1165 and 6604645.
5
Calculate the greatest common divisor of 2882 and 33835758.
22
Calculate the greatest common factor of 1936 and 3858239.
11
Calculate the highest common factor of 42860334 and 36654.
246
What is the greatest common factor of 64462615 and 28?
7
Calculate the greatest common divisor of 21919844 and 38.
38
Calculate the highest common divisor of 561861300 and 9240.
4620
What is the highest common divisor of 276 and 3547244?
92
What is the greatest common divisor of 1600 and 89894400?
1600
Calculate the highest common divisor of 119968 and 76357024.
5216
What is the highest common factor of 1453447584 and 3616?
3616
What is the greatest common divisor of 14250 and 1176005?
95
What is the greatest common factor of 148560 and 83840?
80
What is the highest common factor of 94640 and 1630980?
260
Calculate the highest common divisor of 3339 and 100996.
7
Calculate the greatest common factor of 329 and 568201753.
329
What is the greatest common divisor of 60611140 and 95?
95
Calculate the highest common divisor of 1285172 and 6142.
166
Calculate the highest common divisor of 336 and 1015952.
112
What is the greatest common factor of 26353 and 1013897?
1387
Calculate the highest common divisor of 501381 and 70533.
153
What is the highest common divisor of 656 and 571952?
16
Calculate the greatest common divisor of 226677 and 1441.
11
Calculate the highest common factor of 46435 and 355667.
251
What is the highest common divisor of 132003179 and 77?
77
Calculate the highest common factor of 231264375 and 7500.
1875
Calculate the greatest common divisor of 525 and 3463131.
21
Calculate the highest common divisor of 11039900 and 30475.
1325
Calculate the greatest common divisor of 191788462 and 20170.
4034
What is the greatest common divisor of 54675 and 41425?
25
Calculate the greatest common divisor of 3 and 102824055.
3
Calculate the greatest common factor of 1078848 and 160.
32
What is the highest common divisor of 6 and 9874095?
3
Calculate the highest common divisor of 183933 and 10774692.
1719
What is the highest common divisor of 4122 and 85298607?
2061
Calculate the highest common factor of 540 and 5360.
20
What is the greatest common factor of 808 and 1523085656?
808
Calculate the greatest common factor of 100107 and 264943.
49
Calculate the greatest common divisor of 16560 and 131060.
20
What is the greatest common divisor of 1282183 and 17978639?
9359
What is the highest common factor of 2299 and 3739903?
19
Calculate the greatest common factor of 689385752 and 19041.
6347
Calculate the greatest common divisor of 696116953 and 2632.
329
Calculate the greatest common divisor of 115440 and 226720.
1040
What is the greatest common factor of 12718605 and 79?
79
What is the highest common fact